x**2 + 1918*x + 9. Calculate r(-4).
-15
Let l(d) = -2*d - 79. Calculate l(-53).
27
Let p(v) = -187*v - 1023. Calculate p(-6).
99
Let x(a) = -20*a - 233. Give x(-5).
-133
Let t(b) = 260*b + 1418. What is t(-6)?
-142
Let z(r) = 2*r**2 - 63*r + 332. Calculate z(27).
89
Let a(t) = -15*t - 155. What is a(-19)?
130
Let w(c) = -2*c**3 + 58*c**2 - 58*c + 39. Give w(28).
-17
Let q(j) = -13*j + 33. What is q(3)?
-6
Let f(l) = 5*l**2 - 259*l - 47. Determine f(52).
5
Let p(c) = 4*c**2 - 341*c - 2486. Calculate p(92).
-2
Let m(j) = 159*j - 346. Determine m(2).
-28
Let q(m) = 227*m + 947. Calculate q(-5).
-188
Let r(o) = -o**3 - 7*o**2 - 14*o - 82. Determine r(-7).
16
Let h(s) = -s**2 - 55*s - 372. Calculate h(-42).
174
Let o(t) = 352*t - 6808. Calculate o(19).
-120
Let g(w) = -w**2 - 4*w - 57. Determine g(-11).
-134
Let f(g) = 9*g**3 + 56*g**2 + 3*g - 89. Calculate f(-6).
-35
Let y(r) = -61*r - 1576. What is y(-28)?
132
Let b(l) = 2*l**3 - 328*l**2 - 662*l - 332. Determine b(166).
0
Let m(n) = -8*n - 52. Give m(-6).
-4
Let u(b) = b**3 + 14*b**2 + 44*b - 30. Give u(-7).
5
Let a(i) = -7*i**2 - 1225*i - 12626. Give a(-164).
2
Let y(c) = -40*c - 1531. Calculate y(-26).
-491
Let p(q) = 34*q**3 - q**2 + 2*q + 4. Give p(-2).
-276
Let p(d) = -4*d**2 + 265*d + 9590. What is p(-26)?
-4
Let d(j) = 243*j + 92. Determine d(-1).
-151
Let g(r) = -39*r - 1828. What is g(-46)?
-34
Let h(a) = 2*a**2 - 5*a - 25. Give h(11).
162
Let z(c) = -11*c**2 + 40*c + 491. Calculate z(-5).
16
Let u(m) = -8*m + 187. Determine u(26).
-21
Let t(v) = 22*v - 103. Calculate t(8).
73
Let c(x) = -x**3 + 28*x**2 + 76*x - 502. Give c(30).
-22
Let a(t) = 133*t + 6675. Give a(-51).
-108
Let r(y) = 147*y - 432. What is r(3)?
9
Let k(u) = -u**2 + 2*u + 16. Determine k(0).
16
Let n(k) = k**3 - 29*k**2 + 134*k + 65. Give n(23).
-27
Let x(t) = 269*t + 18828. Calculate x(-70).
-2
Let a(u) = 44*u + 309. Give a(-7).
1
Let x(k) = 30*k + 143. Calculate x(-6).
-37
Let y(t) = 23*t**2 + 552*t. Determine y(-24).
0
Let r(m) = -3957*m + 170144. Give r(43).
-7
Let j(z) = -2*z**2 - 29*z - 40. Calculate j(-6).
62
Let a(p) = -p**3 - 20*p**2 - 18*p + 27. Calculate a(-19).
8
Let t(u) = u**2 + 508*u + 17855. Calculate t(-38).
-5
Let z(l) = -l**3 - 15*l**2 - 27*l - 644. Determine z(-16).
44
Let j(l) = l**3 + 146*l**2 - 296*l. Determine j(2).
0
Let l(h) = -h**2 + 56*h - 493. What is l(13)?
66
Let o(u) = -u**3 + 17*u**2 - 4*u - 395. Give o(15).
-5
Let h(l) = -1339*l + 93726. Determine h(70).
-4
Let v(o) = 407*o**2 + 439*o + 1. Calculate v(-1).
-31
Let h(q) = -3*q**2 - 8*q + 617. Calculate h(-16).
-23
Let z(y) = -y**3 + 13*y**2 - 33*y + 181. Give z(10).
151
Let a(k) = 269*k - 264. What is a(1)?
5
Let s(b) = -b**3 - 126*b**2 + 388*b + 130. What is s(-129)?
1
Let v(j) = 2245*j + 11208. Calculate v(-5).
-17
Let j(b) = -204*b - 245. Give j(-1).
-41
Let i(s) = s**2 - 14*s - 49. Calculate i(19).
46
Let h(i) = -16*i - 147. What is h(-10)?
13
Let w(p) = -2*p**2 + 76*p + 424. Calculate w(37).
498
Let r(w) = 12*w**2 - 27*w + 4. What is r(5)?
169
Let w(a) = -4*a**2 - 13*a + 16. What is w(-3)?
19
Let i(k) = 2*k**2 - 77*k + 408. Calculate i(6).
18
Let g(h) = h**3 + 29*h**2 - 9*h - 1076. Give g(-28).
-40
Let b(r) = 141*r**2 - 303*r + 23. Determine b(2).
-19
Let k(w) = -3*w - 289. Calculate k(-61).
-106
Let n(h) = 56*h**2 + 7*h + 12. Calculate n(-2).
222
Let o(f) = -51*f - 489. Determine o(-10).
21
Let w(a) = a**3 - 72*a**2 + 6*a - 427. Determine w(72).
5
Let x(l) = 5*l**2 - 322*l + 1476. Calculate x(5).
-9
Let m(s) = -s**3 + 4*s**2 - 11*s + 46. Determine m(4).
2
Let i(c) = c**2 - 21*c + 96. Determine i(9).
-12
Let m(k) = 85*k + 359. What is m(5)?
784
Let b(k) = -3*k + 32. What is b(-11)?
65
Let z(k) = 2*k**2 + 138*k + 5. Determine z(0).
5
Let m(t) = -3*t - 6. Calculate m(-6).
12
Let s(q) = -36*q - 1682. Determine s(-47).
10
Let g(p) = 451*p + 2261. Give g(-5).
6
Let h(l) = 80*l - 108. Determine h(-4).
-428
Let d(b) = -31*b**3 + 3*b**2 + 50*b - 50. Calculate d(1).
-28
Let g(o) = -2*o**2 - 2*o + 23. Calculate g(-7).
-61
Let y(j) = 2*j**3 - 8*j**2 - 94*j + 376. Calculate y(4).
0
Let v(h) = -h**3 + 21*h**2 - 15*h - 224. Calculate v(20).
-124
Let b(a) = -3*a**2 - 6*a + 5. What is b(2)?
-19
Let v(j) = 1324*j - 50332. Give v(38).
-20
Let i(j) = j**2 + 67*j + 191. Give i(-61).
-175
Let i(g) = -10*g**2 + 133*g - 26. Calculate i(12).
130
Let t(a) = -a**2 - 22*a + 7. Give t(-21).
28
Let j(w) = w**3 - 5*w**2 - 24*w + 187. Determine j(-5).
57
Let s(q) = -246*q**3 - 10*q**2 - 17*q - 6. Calculate s(-1).
247
Let g(c) = -2*c**3 - 21*c**2 + 2722*c - 64. Calculate g(32).
0
Let n(f) = -f**2 - 95*f + 743. Determine n(-101).
137
Let c(z) = z**2 + 9*z - 6. Give c(5).
64
Let n(r) = r**2 - 380*r - 194. What is n(0)?
-194
Let d(v) = -v**3 + 54*v**2 - 70*v + 909. Calculate d(53).
8
Let a(b) = b - 136. Calculate a(-24).
-160
Let b(j) = -2*j**3 + 175*j**2 + 265*j + 220. What is b(89)?
42
Let c(p) = -p**3 + 7*p**2 + 38*p - 99. Determine c(11).
-165
Let h(w) = -4*w**2 - 2323*w - 2324. Determine h(-1).
-5
Let h(s) = -4*s**2 - 132*s - 1058. Give h(-19).
6
Let c(h) = h**3 + 6*h**2 - 58*h - 31. Determine c(-11).
2
Let f(b) = 3*b**3 - 113*b**2 - 32*b - 89. Determine f(38).
139
Let d(c) = -17*c - 236. Give d(-13).
-15
Let f(p) = 38*p + 896. Determine f(-24).
-16
Let i(r) = -r**2 - 14*r + 222. Determine i(-24).
-18
Let p(s) = 7*s**3 - 282*s**2 + 354*s - 125. What is p(39)?
-8
Let m(x) = 31*x - 154. Determine m(5).
1
Let u(k) = -k**3 + 13*k**2 + 5*k + 25. Give u(14).
-101
Let g(x) = 184*x + 4238. Give g(-23).
6
Let k(v) = -2*v**3 + 2*v**2 - 2*v - 78. What is k(0)?
-78
Let g(p) = -737*p + 791. Determine g(1).
54
Let a(i) = -31*i**2 - 41*i + 145. What is a(4)?
-515
Let y(l) = 2*l**3 + 3*l**2 + 9*l + 18. Give y(-7).
-584
Let s(q) = 14*q**3 + 141*q**2 - 24*q - 334. Give s(-10).
6
Let w(f) = -13*f**2 - 206*f - 9. Give w(-16).
-41
Let j(a) = -9*a + 52. What is j(5)?
7
Let u(g) = 2*g**3 - 14*g**2 - 45*g + 239. Give u(8).
7
Let p(u) = 2*u**3 - 33*u**2 - 19*u + 1. Determine p(17).
-33
Let k(d) = d**3 + 2*d**2 - 22*d + 10. Give k(-8).
-198
Let f(k) = k**3 - 2*k**2 - 37*k - 1. Calculate f(-6).
-67
Let h(i) = -i**2 + 18*i - 9. What is h(12)?
63
Let b(w) = 3*w**2 + 33*w + 109. Give b(-8).
37
Let y(m) = 2*m**3 - 10*m**2 - 11*m + 66. What is y(3)?
-3
Let d(g) = 8*g**3 - g**2 + 7. Calculate d(3).
214
Let m(i) = -i**2 + i - 152. Calculate m(0).
-152
Let y(c) = c**3 - 41*c**2 - 29*c - 513. Give y(42).
33
Let j(z) = 2*z**3 - 186*z**2 + 184*z + 55. Determine j(92).
55
Let l(d) = -2181*d + 8718. What is l(4)?
-6
Let m(u) = 15*u**3 - 103*u**2 - 7*u - 49. What is m(7)?
0
Let l(c) = 35*c + 530. Give l(-16).
-30
Let w(g) = 3*g**2 + 90*g - 3. Calculate w(-31).
90
Let o(v) = 7237*v - 50655. What is o(7)?
4
Let a(v) = 40*v + 308. Calculate a(-7).
28
Let h(l) = -l**3 + 34*l**2 + 70*l + 4882. Calculate h(39).
7
Let l(b) = -b**3 - 13*b**2 - 72*b - 451. Give l(-7).
-241
Let h(u) = -42*u - 2559. Determine h(-61).
3
Let t(c) = -52*c + 367. Determine t(7).
3
Let r(a) = 6223*a + 93352. Calculate r(-15).
7
Let k(t) = t**3 - 27*t**2 - 74*t + 71. Determine k(29).
-393
Let p(c) = c**2 - 5*c - 128. Give p(14).
-2
Let v(t) = -t**3 - 17*t**2 + 3*t + 7. Determine v(-17).
-44
Let n(b) = b**2 - 33*b - 61. Determine n(35).
9
Let j(g) = -103*g - 17546. Calculate j(-170).
-36
Let f(a) = -8*a**2 + 601*a - 10. What is f(0)?
-10
Let b(l) = -175*l - 890. Determine b(-5).
-15
Let i(x) = -31*x**2 + 14*x + 16. Determine i(-2).
-136
Let x(g) = -166*g + 4245. Determine x(26).
-71
Let t(m) = -5*m**2 + 46*m - 3. Determine t(9).
6
Let r(x) = 2974*x - 130861. Give r(44).
-5
Let d(h) = -72*h - 600. Give d(-6).
-168
Let p(t) = -21*t - 209. Give p(-3).
-146
Let r(l) = -l**2 + 139*l - 1525. What is r(12)?
-1
Let h(i) = -i**3 + 81*i**2 - 525*i + 518. Calculate h(74).
0
Let s(o) = -129*o**2 - 10*o + 24. Calculate s(2).
-512
Let r(m) = -17*m**2 + 51*m + 58. Calculate r(4).
-10
Let t(x) = -464*x + 11116. Give t(24).
-20
Let h(n) = -21096*n - 4. Give h(0).
-4
Let z(g) = -g**2 - 159*g + 10467. What is z(50)?
17
Let v(q) = -q**3 - 101*q**2 - 480*q - 30. Determine v(-96).
-30
Let a(k) = -97*k + 2818. Determine a(29).
5
Let x(g) = g**3 - 160*g**2 + 2304*g + 31. Determine x(144).
31
Let r(i) = 28*i**2 - 536*i - 17. Determine r(19).
-93
Let d(m) =